of 4?
False
Does 11 divide 658?
False
Does 16 divide 352?
True
Does 25 divide 6600?
True
Does 14 divide 134?
False
Is 14500 a multiple of 25?
True
Is 21 a factor of 504?
True
Does 64 divide 3584?
True
Does 47 divide 26596?
False
Is 47 a factor of 2162?
True
Does 41 divide 439?
False
Is 24735 a multiple of 3?
True
Is 79 a factor of 119448?
True
Is 70810 a multiple of 169?
False
Is 8 a factor of 25064?
True
Does 12 divide 528?
True
Is 11343 a multiple of 57?
True
Does 7 divide 5992?
True
Is 20123 a multiple of 95?
False
Does 34 divide 4386?
True
Is 2648 a multiple of 11?
False
Is 907 a multiple of 70?
False
Does 4 divide 496?
True
Is 5981 a multiple of 55?
False
Is 17115 a multiple of 169?
False
Is 3608 a multiple of 4?
True
Does 27 divide 3606?
False
Does 9 divide 3314?
False
Does 7 divide 2935?
False
Does 169 divide 27209?
True
Does 18 divide 2340?
True
Is 1092 a multiple of 9?
False
Is 64 a factor of 1024?
True
Is 1461 a multiple of 7?
False
Is 39 a factor of 1365?
True
Is 11 a factor of 4550?
False
Does 28 divide 3138?
False
Does 71 divide 3550?
True
Is 648 a multiple of 11?
False
Does 11 divide 781?
True
Is 764 a multiple of 24?
False
Is 6 a factor of 222?
True
Does 19 divide 409?
False
Is 57 a factor of 3933?
True
Does 24 divide 6694?
False
Is 17 a factor of 679?
False
Does 182 divide 60606?
True
Is 10 a factor of 32430?
True
Is 1688 a multiple of 13?
False
Is 33 a factor of 60281?
False
Is 4 a factor of 2209?
False
Is 1954 a multiple of 41?
False
Is 57 a factor of 1140?
True
Is 1440 a multiple of 9?
True
Is 11 a factor of 759?
True
Does 26 divide 29406?
True
Is 95 a factor of 1805?
True
Is 1667 a multiple of 21?
False
Is 7695 a multiple of 8?
False
Does 7 divide 12824?
True
Is 665 a multiple of 4?
False
Is 843 a multiple of 16?
False
Does 41 divide 738?
True
Is 76 a factor of 31494?
False
Does 83 divide 95118?
True
Is 1712 a multiple of 107?
True
Does 57 divide 13472?
False
Is 5896 a multiple of 36?
False
Does 6 divide 25500?
True
Is 14837 a multiple of 37?
True
Is 567 a multiple of 9?
True
Is 980 a multiple of 90?
False
Is 6 a factor of 391?
False
Does 28 divide 31454?
False
Is 49 a factor of 283?
False
Does 6 divide 474?
True
Is 70618 a multiple of 62?
True
Is 16587 a multiple of 97?
True
Is 20723 a multiple of 59?
False
Is 22 a factor of 2751?
False
Is 5427 a multiple of 9?
True
Does 6 divide 3816?
True
Is 1056 a multiple of 13?
False
Does 11 divide 3949?
True
Is 4 a factor of 401?
False
Does 37 divide 277?
False
Does 26 divide 4290?
True
Does 5 divide 363?
False
Is 5420 a multiple of 5?
True
Is 264 a multiple of 24?
True
Is 2915 a multiple of 38?
False
Is 38 a factor of 549?
False
Is 143 a factor of 11726?
True
Does 162 divide 28350?
True
Is 4412 a multiple of 51?
False
Is 79 a factor of 590?
False
Is 157 even?
False
Does 118 divide 118?
True
Does 30 divide 151?
False
Does 15 divide 1361?
False
Is 936 a multiple of 39?
True
Is 272 a multiple of 20?
False
Is 336 a multiple of 6?
True
Is 18 a factor of 6750?
True
Is 18499 a multiple of 3?
False
Does 61 divide 61?
True
Is 10338 a multiple of 63?
False
Is 84 a multiple of 10?
False
Is 97 a multiple of 30?
False
Is 53 a multiple of 14?
False
Does 61 divide 110973?
False
Does 3 divide 192?
True
Is 41 a factor of 103255?
False
Does 5 divide 181?
False
Is 38016 a multiple of 33?
True
Does 30 divide 792?
False
Does 12 divide 2323?
False
Does 24 divide 781?
False
Is 89324 a multiple of 137?
True
Does 55 divide 5115?
True
Is 7046 a multiple of 118?
False
Does 10 divide 460?
True
Is 49464 a multiple of 458?
True
Is 682 a multiple of 9?
False
Is 71 a factor of 639?
True
Is 32 a factor of 8544?
True
Does 53 divide 9336?
False
Is 306 a factor of 132793?
False
Is 112 a multiple of 8?
True
Is 465 a multiple of 15?
True
Is 36 a factor of 35421?
False
Is 120 a factor of 16440?
True
Is 25 a factor of 1119?
False
Is 50 a factor of 29800?
True
Is 137 a factor of 7301?
False
Is 22 a factor of 176?
True
Does 123 divide 14972?
False
Is 5572 a multiple of 10?
False
Is 55 a factor of 63140?
True
Is 3260 a multiple of 4?
True
Is 3 a factor of 219?
True
Is 13 a factor of 259?
False
Does 5 divide 82?
False
Does 23 divide 47549?
False
Is 3575 a multiple of 55?
True
Is 238 a multiple of 2?
True
Does 306 divide 21946?
False
Is 9880 a multiple of 26?
True
Is 221 a multiple of 5?
False
Is 143 a factor of 15525?
False
Does 107 divide 26333?
False
Does 54 divide 1566?
True
Is 23 a factor of 2055?
False
Does 46 divide 92736?
True
Does 34 divide 7854?
True
Does 6 divide 66003?
False
Is 42 a factor of 122?
False
Is 34 a factor of 241?
False
Does 12 divide 763?
False
Is 162 a factor of 81148?
False
Is 5 a factor of 1363?
False
Is 1505 a multiple of 35?
True
Is 7252 a multiple of 14?
True
Is 1656 a multiple of 36?
True
Is 66 a multiple of 33?
True
Is 678 a multiple of 6?
True
Is 11 a factor of 1397?
True
Is 1603 even?
False
Does 12 divide 1392?
True
Is 179 a multiple of 10?
False
Does 42 divide 7190?
False
Is 31 a factor of 310?
True
Is 3021 a multiple of 19?
True
Is 23652 a multiple of 9?
True
Is 1065 a multiple of 15?
True
Does 80 divide 3905?
False
Is 208 a factor of 49740?
False
Does 18 divide 42588?
True
Is 237 a factor of 12839?
False
Is 35 a factor of 24516?
False
Is 6330 a multiple of 15?
True
Is 1889 a multiple of 28?
False
Is 2323 a multiple of 27?
False
Is 21 a factor of 231?
True
Does 7 divide 1088?
False
Is 453 a multiple of 38?
False
Does 39 divide 455?
False
Is 13 a factor of 3979?
False
Does 21 divide 125?
False
Does 26 divide 676?
True
Is 90 a factor of 5310?
True
Is 1110 a multiple of 30?
True
Does 198 divide 1980?
True
Is 4693 a multiple of 13?
True
Is 11 a factor of 5207?
False
Is 598 a multiple of 9?
False
Is 10 a factor of 1103?
False
Is 8 a factor of 36342?
False
Is 14 a factor of 8386?
True
Is 173 a factor of 20587?
True
Is 23 a factor of 207?
True
Is 16771 a multiple of 31?
True
Is 24 a factor of 3048?
True
Is 89 a factor of 776?
False
Is 71 a factor of 994?
True
Does 223 divide 17420?
False
Is 9 a factor of 4133?
False
Does 13 divide 544?
False
Is 91582 a multiple of 29?
True
Is 5602 a multiple of 5?
False
Does 21 divide 75450?
False
Is 26 a factor of 732?
False
Is 19 a factor of 778?
False
Does 7 divide 5841?
False
Does 24 divide 4656?
True
Is 2150 a multiple of 7?
False
Is 44 a factor of 1056?
True
Is 4275 a multiple of 3?
True
Is 46 a factor of 2530?
True
Is 2 a factor of 3980?
True
Does 3 divide 183?
True
Is 816 a multiple of 65?
False
Is 168 a multiple of 7?
True
Does 18 divide 10126?
False
Is 862 a multiple of 14?
False
Is 12268 a multiple of 9?
False
Is 19 a factor of 139?
False
Is 5 a factor of 145?
True
Is 10 a factor of 379?
False
Does 11 divide 73601?
True
Is 54 a multiple of 18?
True
Does 11 divide 1870?
True
Is 336 a multiple of 14?
True
Does 17 divide 4233?
True
Does 13 divide 702?
True
Is 22866 a multiple of 139?
False
Does 19 divide 653?
False
Is 22716 a multiple of 4?
True
Is 22230 a multiple of 39?
True
Does 107 divide 63956?
False
Does 10 divide 338?
False
Is 38 a factor of 1406?
True
Is 1247 a multiple of 43?
True
Does 37 divide 5773?
False
Does 31 divide 38201?
False
Does 9 divide 7434?
True
Is 56 a multiple of 8?
True
Does 36 divide 3387?
False
Is 53466 a multiple of 43?
False
Is 27197 a multiple of 9?
False
Is 331 a multiple of 9?
False
Does 30 divide 540?
True
Is 35 a multiple of 7?
True
Does 51 divide 2195?
False
Is 3972 a multiple of 4?
True
Is 28876 a multiple of 22?
False
Is 2910 a multiple of 6?
True
Does 129 divide 39087?
True
Is 55378 a multiple of 31?
False
Is 18 a factor of 198?
True
Is 1070 a multiple of 11?
False
Does 18 divide 2415?
False
Is 16 a factor of 176?
True
Is 5186 a multiple of 61?
False
Does 34 divide 20762?
False
Does 29 divide 1441?
False
Is 1224 a multiple of 17?
True
Is 4 a factor of 20061?
False
Does 258 divide 62334?
False
Is 9727 a multiple of 13?
False
Does 10 divide 1170?
True
Is 12393 a multiple of 20?
False
Is 11 a factor of 1518?
True
Is 20462 a multiple of 5?
False
Is 7866 a multiple of 57?
True
Is 274 even?
True
Is 203 a multiple of 6?
False
Is 7 a factor of 121?
False
Is 1696 a multiple of 53?
True
Is 41 a factor of 205?
True
Is 52587 a multiple of 9?
True
Does 7 divide 87?
False
Is 1971 a multiple of 73?
True
Does 7 divide 847?
True
